*w - 70 = r. What are the prime factors of u?
3, 5
Let i(h) = -80*h - 4. What are the prime factors of i(-4)?
2, 79
Suppose 3*z - 3 = 3*m + 9, 3*z + 16 = -4*m. Suppose -l + z*l = -u, 2*l = 5*u + 6. What are the prime factors of (-20)/u*18/12?
3, 5
Let d(r) = r**2 + 3 - 2 - 4 - r. Suppose -3*j = -3 + 12. What are the prime factors of d(j)?
3
Suppose 4 = d - 4*u, 2*u = 3*d + u - 12. Let c = d + -2. What are the prime factors of c?
2
Let n = -95 + 168. Suppose -5*p + n = -17. Let a = -10 + p. What are the prime factors of a?
2
Let j = -8 - -56. Suppose 5*w - 62 = j. List the prime factors of w.
2, 11
Suppose -14*p + 89 + 345 = 0. List the prime factors of p.
31
Let y = 1 - -2. Suppose -y*n = 4 - 25. What are the prime factors of (2/1)/(2/n)?
7
Let q(o) = o**3 - o**2 - 4*o + 158. List the prime factors of q(0).
2, 79
Let b be ((-2)/(-6))/((-1)/(-75)). Let u = -3 + 13. Suppose u - b = -k. List the prime factors of k.
3, 5
Suppose -4*h = -3*h - 4. Suppose 4*u + 13 - 33 = 0, 3*u - 31 = -h*p. List the prime factors of 74/10 - p/10.
7
Let d be (-12)/4*(-4)/6. List the prime factors of 1*-42*(-1)/d.
3, 7
Let y(g) = g - 5. Let a be y(7). Suppose 3*b - 21 = 2*h, -5*b + 7 = -a*h - 28. What are the prime factors of b?
7
Let q be (-142)/5 + (-14)/(-35). Suppose 3*x + 4*h = -58, -5*x + 3*h - 8 = 79. Let b = x - q. What are the prime factors of b?
2, 5
Suppose -1 + 13 = 2*w. Suppose -5*c - 5 - w = x, -5*x = 2*c - 14. Suppose -x + 0 = -v. What are the prime factors of v?
2
Suppose 3*u + 2*u = 5*y - 145, 5*y = 2*u + 133. List the prime factors of y.
5
Let i(v) = -3*v + 7. Let y(r) = r - 1. Let q be y(-4). Let f(x) = x - 3. Let s(a) = q*f(a) - 2*i(a). What are the prime factors of s(7)?
2
Let y(v) = 6*v**2 + 2*v + 1. Let l be y(-1). Suppose 0 = l*q - 0*q + 5. List the prime factors of q/3 - 147/(-9).
2
Suppose f - 5*y = 5, 13 - 113 = 4*f + 4*y. What are the prime factors of 32/f*30/(-4)?
2, 3
Suppose -3*j + 38 = -j. List the prime factors of j.
19
Suppose -2*x + 71 = m + 11, -m + 72 = -x. List the prime factors of m.
2, 17
Let f(j) = -j**2 - 10*j - 2. Let y be f(-9). Suppose 0 = 4*p + 4*g - 24, 8 = -4*p + 4*g - 8. Suppose -y = -i - p. List the prime factors of i.
2, 3
Suppose 0 = -3*f - 5*f + 800. What are the prime factors of f?
2, 5
Suppose 4*d = -4*z - 0*z - 36, 0 = -2*z - d - 15. Let c be (2 - -43)*(-2)/z. Let f = 30 - c. What are the prime factors of f?
3, 5
Let b(t) = -7*t + 2. List the prime factors of b(-4).
2, 3, 5
Let g(i) = 5*i**3 - 4*i**3 + 4 + 4*i + 7*i**2 - 8. Let y be g(-6). Let k = 8 + y. What are the prime factors of k?
2
Let q = 619 - 427. What are the prime factors of q?
2, 3
Suppose 5*b = 3*b + 486. What are the prime factors of b?
3
Let k = -35 - 32. Let x = -29 - k. List the prime factors of x.
2, 19
Let y(s) = s**3 - 4*s**2 - 5*s + 7. Let p = -3 - -8. List the prime factors of y(p).
7
Let o(l) = 6*l**2 + l + 1. Let d(z) = 3*z**2 + z. Let u(m) = 7*d(m) - 3*o(m). Let c = -4 + 6. List the prime factors of u(c).
17
List the prime factors of 363 - -7 - (-4 + 7).
367
Let h(a) = 2*a + 1. Let i be h(2). Suppose 2 + 22 = 2*v - 3*g, 0 = i*v - 3*g - 60. What are the prime factors of v?
2, 3
Suppose -153 = -28*p + 11*p. What are the prime factors of p?
3
Let s(x) = x**2 - 7*x + 9. Let p(l) = l**2 + 3*l + 2. Let f be p(-2). Suppose 0*z + 3 = u + 3*z, -3*u + z + 19 = f. List the prime factors of s(u).
3
Let w = 18 - 15. What are the prime factors of w?
3
Suppose 3*l - 39 + 0 = 0. Let y = -39 - -33. Let m = y + l. What are the prime factors of m?
7
Let j(x) = 2*x**2 - 2*x - 1. Let q be j(-3). Suppose -q - 17 = -5*o. Suppose 0 = -6*d + 4*d + o. List the prime factors of d.
2
Let c(n) = n**3 - 5*n**2 + 5*n + 5. List the prime factors of c(5).
2, 3, 5
Let l(s) = 5*s - 29. List the prime factors of l(17).
2, 7
Let s = 3 + -1. Let u be (-1 - s)/(2/2). Let f = u + 5. What are the prime factors of f?
2
Suppose -7 = -v - 2*k, v + 4*k - 1 = 8. Suppose -5*n = -5*d - 265, v*n = n - 2*d + 230. List the prime factors of n.
2, 7
Suppose y - 36 = -2*y. What are the prime factors of y?
2, 3
Suppose -2*y + 115 = 3*y. Suppose y + 7 = 3*f. What are the prime factors of f?
2, 5
Let t(p) = -2*p + 14. What are the prime factors of t(-10)?
2, 17
Let j(g) = -g**3 - 5*g**2 - 2*g. Let t be j(-2). Let f = -1 - t. Suppose 3*m - 35 = l, 2*l = m - 3*l - f. List the prime factors of m.
2, 3
Let k = 22 + -9. Let t = k - 8. List the prime factors of t.
5
Let g(o) = 9*o**2 + 5*o - 1. What are the prime factors of g(3)?
5, 19
Suppose -1 - 5 = -2*f. Suppose 3*j + f = -6. What are the prime factors of 8 - -4*j/6?
2, 3
Let x(d) = -d**3 + 2*d. What are the prime factors of x(-3)?
3, 7
Suppose 9 = -0*m + 3*m. What are the prime factors of 1*(m - 6*-2)?
3, 5
What are the prime factors of ((-35)/(-10))/(3/6)?
7
Let l(x) = -21*x + 10. List the prime factors of l(-5).
5, 23
Let k = 26 + -11. List the prime factors of k.
3, 5
Let s(y) be the second derivative of -y**5/4 - y**3/6 + 3*y. List the prime factors of s(-1).
2, 3
Suppose -4*v + 4 = 0, 2*i = 3*i + 4*v - 324. What are the prime factors of i?
2, 5
Let f be (-2)/(14/6 - 2). Let k = f + 4. List the prime factors of -1*(18/(-2) + k).
11
Suppose 9*r + 2051 = 16*r. List the prime factors of r.
293
Let a(u) = 8*u**2 + 2*u + 0*u**3 - 9 + 8*u**2 - u**3 - 6*u**2. Let d be a(10). Let y = d + -6. List the prime factors of y.
5
Let b(w) = 36*w - 1. Let i be b(1). Let c(h) = -13*h - 1. Let u be c(-2). Let p = i - u. List the prime factors of p.
2, 5
Suppose 0*q = 4*q - 600. Suppose q = 4*s + s + 5*m, 3*m = 5*s - 118. What are the prime factors of s?
2, 13
Let a(r) = -2*r**2 + 32*r + 21. What are the prime factors of a(15)?
3, 17
Let n(f) = -f**2 + 10*f - 14. Suppose 5*w = 2*w + 18. What are the prime factors of n(w)?
2, 5
Let x = -101 - -122. What are the prime factors of x?
3, 7
Let a = -7 - 1. What are the prime factors of a/(-3)*(-39)/(-4)?
2, 13
Suppose 5*l = 4*g - 3 - 3, 0 = 5*g + 2*l - 24. Suppose -g*i - 90 = -7*i. List the prime factors of i.
2, 3, 5
Suppose w = -2*w + 84. Let d = 20 - -25. Let f = d - w. List the prime factors of f.
17
Let o(k) = -11*k - 1. Let d be o(-2). Let a(q) = q**2 + q - 9. Let x be a(0). Let r = x + d. What are the prime factors of r?
2, 3
Suppose 72 + 306 = 6*j. List the prime factors of j.
3, 7
Let g(a) = -a - 2. Let l(y) = -6*y - 12. Let h(t) = 34*g(t) - 6*l(t). Let p be h(7). Let u = p - 3. List the prime factors of u.
3, 5
Let p(d) = d**2 + 2*d + 57. List the prime factors of p(0).
3, 19
Suppose -5*b - 24 = -329. What are the prime factors of b?
61
Let k be (-2712)/(-54) + 2/(-9). Suppose l = 4*r + k, -80 = -l - 2*r - 0*r. Suppose 5*w - l - 10 = 0. What are the prime factors of w?
2
Let r = 26 + 91. Suppose -4*f + r = -11. List the prime factors of f.
2
Let w = -88 + 155. List the prime factors of w.
67
Suppose 83 = 4*y - 17. Suppose -2*j - j + 37 = 5*u, 0 = 2*j + 3*u - y. What are the prime factors of j?
2, 7
Let u = -1 + 4. Suppose u*w - w = 98. What are the prime factors of 2/10 - w/(-5)?
2, 5
Suppose 2*u - 76 = -4*k, 3*k - 56 = 5*u - 298. What are the prime factors of u + (3 - 0) - 2?
47
Let g(y) = y**2 + y + 1. Let s be g(-3). Suppose -v + 2*v = s. What are the prime factors of v?
7
What are the prime factors of -22*7/(-21)*(-1 - -7)?
2, 11
Let v = 77 + 31. List the prime factors of v.
2, 3
List the prime factors of 5 + 182 + 6/2.
2, 5, 19
Suppose -5*g - 4*t + 29 = 0, -4*t + 15 = 3*g - t. Let b be (6/(-18))/((-1)/g). Suppose 0 = -4*j - h + b + 15, -4*j = 5*h - 26. List the prime factors of j.
2
Let x = 7 + 1. Suppose -x = -2*v + r + r, -16 = -4*v + r. What are the prime factors of v?
2
Let m = -4 + 58. Suppose y = m - 14. What are the prime factors of y?
2, 5
Let f(r) = r**2 - 9*r + 1. Let q be f(10). Let h(w) = -w + 24. List the prime factors of h(q).
13
Suppose -4*x = -x + 18. Let i(f) = 3*f**2 - 4*f + 8. Let j(t) = 5*t**2 - 9*t + 16. Let q(l) = -7*i(l) + 4*j(l). What are the prime factors of q(x)?
2, 5
Let t(w) = 7*w**3 + 2*w**2 - 1. Let r(h) = -h - 9. Let d be r(-10). Let f be t(d). Let j = f - 2. What are the prime factors of j?
2, 3
Suppose 0 = -5*h - 5*i + 48 + 447, -i = -5*h + 489. What are the prime factors of h?
2, 7
Let f = -21 - -41. Suppose -4 = 2*i - f. Let z = i - -2. What are the prime factor